{"id":90,"date":"2022-11-20T20:45:55","date_gmt":"2022-11-20T19:45:55","guid":{"rendered":"http:\/\/www.christinegrill.at\/?page_id=90"},"modified":"2022-11-20T20:43:46","modified_gmt":"2022-11-20T19:43:46","slug":"willkommen","status":"publish","type":"page","link":"http:\/\/www.christinegrill.at\/","title":{"rendered":"Willkommen !"},"content":{"rendered":"<p>Willkommen auf meiner Website, ich freue mich \u00fcber Ihr Interesse an meiner T\u00e4tigkeit!<\/p>\n<p>Gerne lade ich Sie ein, mir Ihr Anliegen bei einem unverbindlichen Erstgespr\u00e4ch n\u00e4herzubringen. Dabei k\u00f6nnen Sie meine Herangehensweise und Rahmenbedingungen erfahren und einen pers\u00f6nlichen Eindruck von mir gewinnen.<\/p>\n","protected":false},"excerpt":{"rendered":"<p>Willkommen auf meiner Website, ich freue mich \u00fcber Ihr Interesse an meiner T\u00e4tigkeit! Gerne lade ich Sie ein, mir Ihr Anliegen bei einem unverbindlichen Erstgespr\u00e4ch n\u00e4herzubringen. Dabei k\u00f6nnen Sie meine Herangehensweise und Rahmenbedingungen erfahren und einen pers\u00f6nlichen Eindruck von mir gewinnen.<\/p>\n","protected":false},"author":1,"featured_media":0,"parent":0,"menu_order":0,"comment_status":"closed","ping_status":"closed","template":"","meta":{"footnotes":""},"class_list":["post-90","page","type-page","status-publish","hentry"],"_links":{"self":[{"href":"http:\/\/www.christinegrill.at\/index.php?rest_route=\/wp\/v2\/pages\/90","targetHints":{"allow":["GET"]}}],"collection":[{"href":"http:\/\/www.christinegrill.at\/index.php?rest_route=\/wp\/v2\/pages"}],"about":[{"href":"http:\/\/www.christinegrill.at\/index.php?rest_route=\/wp\/v2\/types\/page"}],"author":[{"embeddable":true,"href":"http:\/\/www.christinegrill.at\/index.php?rest_route=\/wp\/v2\/users\/1"}],"replies":[{"embeddable":true,"href":"http:\/\/www.christinegrill.at\/index.php?rest_route=%2Fwp%2Fv2%2Fcomments&post=90"}],"version-history":[{"count":4,"href":"http:\/\/www.christinegrill.at\/index.php?rest_route=\/wp\/v2\/pages\/90\/revisions"}],"predecessor-version":[{"id":100,"href":"http:\/\/www.christinegrill.at\/index.php?rest_route=\/wp\/v2\/pages\/90\/revisions\/100"}],"wp:attachment":[{"href":"http:\/\/www.christinegrill.at\/index.php?rest_route=%2Fwp%2Fv2%2Fmedia&parent=90"}],"curies":[{"name":"wp","href":"https:\/\/api.w.org\/{rel}","templated":true}]}}